{"id":415,"date":"2016-03-08T17:42:57","date_gmt":"2016-03-08T17:42:57","guid":{"rendered":"http:\/\/impremar.com.ar\/web\/?page_id=415"},"modified":"2016-03-08T18:07:39","modified_gmt":"2016-03-08T18:07:39","slug":"literatura","status":"publish","type":"page","link":"http:\/\/impremar.com.ar\/web\/literatura\/","title":{"rendered":"Literatura"},"content":{"rendered":"<p>Impresos en cartulinas a cuatro colores para la difusi\u00f3n completa de informaci\u00f3n sobre productos, brochures, fichas t\u00e9cnicas, etc&#8230;<\/p>\n<p style=\"text-align: center;\"><img loading=\"lazy\" decoding=\"async\" class=\"aligncenter size-full wp-image-419\" src=\"http:\/\/impremar.com.ar\/web\/wp-content\/uploads\/2016\/03\/DSC8274.jpg\" alt=\"Impresi\u00f3n de Carpetas\" width=\"800\" height=\"530\" srcset=\"http:\/\/impremar.com.ar\/web\/wp-content\/uploads\/2016\/03\/DSC8274.jpg 800w, http:\/\/impremar.com.ar\/web\/wp-content\/uploads\/2016\/03\/DSC8274-300x199.jpg 300w, http:\/\/impremar.com.ar\/web\/wp-content\/uploads\/2016\/03\/DSC8274-768x509.jpg 768w\" sizes=\"auto, (max-width: 800px) 100vw, 800px\" \/><\/p>\n<p style=\"text-align: center;\"><img loading=\"lazy\" decoding=\"async\" class=\"aligncenter size-full wp-image-423\" src=\"http:\/\/impremar.com.ar\/web\/wp-content\/uploads\/2016\/03\/DSC8278.jpg\" alt=\"Impresi\u00f3n a 4 colores\" width=\"800\" height=\"530\" srcset=\"http:\/\/impremar.com.ar\/web\/wp-content\/uploads\/2016\/03\/DSC8278.jpg 800w, http:\/\/impremar.com.ar\/web\/wp-content\/uploads\/2016\/03\/DSC8278-300x199.jpg 300w, http:\/\/impremar.com.ar\/web\/wp-content\/uploads\/2016\/03\/DSC8278-768x509.jpg 768w\" sizes=\"auto, (max-width: 800px) 100vw, 800px\" \/><\/p>\n<p style=\"text-align: center;\"><img loading=\"lazy\" decoding=\"async\" class=\"aligncenter size-full wp-image-435\" src=\"http:\/\/impremar.com.ar\/web\/wp-content\/uploads\/2016\/03\/DSC8286.jpg\" alt=\"carpetas\" width=\"800\" height=\"530\" srcset=\"http:\/\/impremar.com.ar\/web\/wp-content\/uploads\/2016\/03\/DSC8286.jpg 800w, http:\/\/impremar.com.ar\/web\/wp-content\/uploads\/2016\/03\/DSC8286-300x199.jpg 300w, http:\/\/impremar.com.ar\/web\/wp-content\/uploads\/2016\/03\/DSC8286-768x509.jpg 768w\" sizes=\"auto, (max-width: 800px) 100vw, 800px\" \/><\/p>\n<p style=\"text-align: center;\"><img loading=\"lazy\" decoding=\"async\" class=\"aligncenter size-full wp-image-417\" src=\"http:\/\/impremar.com.ar\/web\/wp-content\/uploads\/2016\/03\/DSC8287.jpg\" alt=\"Impresi\u00f3n de Dipticos\" width=\"800\" height=\"530\" srcset=\"http:\/\/impremar.com.ar\/web\/wp-content\/uploads\/2016\/03\/DSC8287.jpg 800w, http:\/\/impremar.com.ar\/web\/wp-content\/uploads\/2016\/03\/DSC8287-300x199.jpg 300w, http:\/\/impremar.com.ar\/web\/wp-content\/uploads\/2016\/03\/DSC8287-768x509.jpg 768w\" sizes=\"auto, (max-width: 800px) 100vw, 800px\" \/><\/p>\n<p style=\"text-align: center;\"><img loading=\"lazy\" decoding=\"async\" class=\"aligncenter size-full wp-image-425\" src=\"http:\/\/impremar.com.ar\/web\/wp-content\/uploads\/2016\/03\/DSC8279.jpg\" alt=\"Carpetas impresas\" width=\"800\" height=\"530\" srcset=\"http:\/\/impremar.com.ar\/web\/wp-content\/uploads\/2016\/03\/DSC8279.jpg 800w, http:\/\/impremar.com.ar\/web\/wp-content\/uploads\/2016\/03\/DSC8279-300x199.jpg 300w, http:\/\/impremar.com.ar\/web\/wp-content\/uploads\/2016\/03\/DSC8279-768x509.jpg 768w\" sizes=\"auto, (max-width: 800px) 100vw, 800px\" \/><\/p>\n<p style=\"text-align: center;\"><img loading=\"lazy\" decoding=\"async\" class=\"aligncenter size-full wp-image-421\" src=\"http:\/\/impremar.com.ar\/web\/wp-content\/uploads\/2016\/03\/DSC8276.jpg\" alt=\"Folletos\" width=\"800\" height=\"530\" srcset=\"http:\/\/impremar.com.ar\/web\/wp-content\/uploads\/2016\/03\/DSC8276.jpg 800w, http:\/\/impremar.com.ar\/web\/wp-content\/uploads\/2016\/03\/DSC8276-300x199.jpg 300w, http:\/\/impremar.com.ar\/web\/wp-content\/uploads\/2016\/03\/DSC8276-768x509.jpg 768w\" sizes=\"auto, (max-width: 800px) 100vw, 800px\" \/><\/p>\n<p style=\"text-align: center;\"><img loading=\"lazy\" decoding=\"async\" class=\"aligncenter size-full wp-image-427\" src=\"http:\/\/impremar.com.ar\/web\/wp-content\/uploads\/2016\/03\/DSC8280.jpg\" alt=\"Folletos a cuatro colores\" width=\"800\" height=\"530\" srcset=\"http:\/\/impremar.com.ar\/web\/wp-content\/uploads\/2016\/03\/DSC8280.jpg 800w, http:\/\/impremar.com.ar\/web\/wp-content\/uploads\/2016\/03\/DSC8280-300x199.jpg 300w, http:\/\/impremar.com.ar\/web\/wp-content\/uploads\/2016\/03\/DSC8280-768x509.jpg 768w\" sizes=\"auto, (max-width: 800px) 100vw, 800px\" \/><\/p>\n<p style=\"text-align: center;\"><img loading=\"lazy\" decoding=\"async\" class=\"aligncenter size-full wp-image-429\" src=\"http:\/\/impremar.com.ar\/web\/wp-content\/uploads\/2016\/03\/DSC8281.jpg\" alt=\"Impresion de carpetas en caseros\" width=\"800\" height=\"530\" srcset=\"http:\/\/impremar.com.ar\/web\/wp-content\/uploads\/2016\/03\/DSC8281.jpg 800w, http:\/\/impremar.com.ar\/web\/wp-content\/uploads\/2016\/03\/DSC8281-300x199.jpg 300w, http:\/\/impremar.com.ar\/web\/wp-content\/uploads\/2016\/03\/DSC8281-768x509.jpg 768w\" sizes=\"auto, (max-width: 800px) 100vw, 800px\" \/><\/p>\n<p style=\"text-align: center;\"><img loading=\"lazy\" decoding=\"async\" class=\"aligncenter size-full wp-image-431\" src=\"http:\/\/impremar.com.ar\/web\/wp-content\/uploads\/2016\/03\/DSC8282.jpg\" alt=\"Impresion industria farmaceutica\" width=\"800\" height=\"530\" srcset=\"http:\/\/impremar.com.ar\/web\/wp-content\/uploads\/2016\/03\/DSC8282.jpg 800w, http:\/\/impremar.com.ar\/web\/wp-content\/uploads\/2016\/03\/DSC8282-300x199.jpg 300w, http:\/\/impremar.com.ar\/web\/wp-content\/uploads\/2016\/03\/DSC8282-768x509.jpg 768w\" sizes=\"auto, (max-width: 800px) 100vw, 800px\" \/><\/p>\n<p style=\"text-align: center;\"><img loading=\"lazy\" decoding=\"async\" class=\"aligncenter wp-image-433 size-full\" src=\"http:\/\/impremar.com.ar\/web\/wp-content\/uploads\/2016\/03\/DSC8283.jpg\" alt=\"industria farmaceutica imprenta\" width=\"800\" height=\"530\" srcset=\"http:\/\/impremar.com.ar\/web\/wp-content\/uploads\/2016\/03\/DSC8283.jpg 800w, http:\/\/impremar.com.ar\/web\/wp-content\/uploads\/2016\/03\/DSC8283-300x199.jpg 300w, http:\/\/impremar.com.ar\/web\/wp-content\/uploads\/2016\/03\/DSC8283-768x509.jpg 768w\" sizes=\"auto, (max-width: 800px) 100vw, 800px\" \/><\/p>\n","protected":false},"excerpt":{"rendered":"<p>Impresos en cartulinas a cuatro colores para la difusi\u00f3n completa de informaci\u00f3n sobre productos, brochures, fichas t\u00e9cnicas, etc&#8230;<\/p>\n","protected":false},"author":2,"featured_media":419,"parent":0,"menu_order":0,"comment_status":"closed","ping_status":"closed","template":"","meta":{"footnotes":""},"class_list":["post-415","page","type-page","status-publish","has-post-thumbnail","czr-hentry"],"yoast_head":"<!-- This site is optimized with the Yoast SEO plugin v27.4 - https:\/\/yoast.com\/product\/yoast-seo-wordpress\/ -->\n<title>Literatura | IMPREMAR<\/title>\n<meta name=\"robots\" content=\"index, follow, max-snippet:-1, max-image-preview:large, max-video-preview:-1\" \/>\n<link rel=\"canonical\" href=\"http:\/\/impremar.com.ar\/web\/literatura\/\" \/>\n<meta property=\"og:locale\" content=\"es_ES\" \/>\n<meta property=\"og:type\" content=\"article\" \/>\n<meta property=\"og:title\" content=\"Literatura | IMPREMAR\" \/>\n<meta property=\"og:description\" content=\"Impresos en cartulinas a cuatro colores para la difusi\u00f3n completa de informaci\u00f3n sobre productos, brochures, fichas t\u00e9cnicas, etc&#8230;\" \/>\n<meta property=\"og:url\" content=\"http:\/\/impremar.com.ar\/web\/literatura\/\" \/>\n<meta property=\"og:site_name\" content=\"IMPREMAR\" \/>\n<meta property=\"article:publisher\" content=\"https:\/\/www.facebook.com\/impresosimpremar\" \/>\n<meta property=\"article:modified_time\" content=\"2016-03-08T18:07:39+00:00\" \/>\n<meta property=\"og:image\" content=\"http:\/\/impremar.com.ar\/web\/wp-content\/uploads\/2016\/03\/DSC8274.jpg\" \/>\n\t<meta property=\"og:image:width\" content=\"800\" \/>\n\t<meta property=\"og:image:height\" content=\"530\" \/>\n\t<meta property=\"og:image:type\" content=\"image\/jpeg\" \/>\n<meta name=\"twitter:card\" content=\"summary_large_image\" \/>\n<script type=\"application\/ld+json\" class=\"yoast-schema-graph\">{\"@context\":\"https:\\\/\\\/schema.org\",\"@graph\":[{\"@type\":\"WebPage\",\"@id\":\"http:\\\/\\\/impremar.com.ar\\\/web\\\/literatura\\\/\",\"url\":\"http:\\\/\\\/impremar.com.ar\\\/web\\\/literatura\\\/\",\"name\":\"Literatura | IMPREMAR\",\"isPartOf\":{\"@id\":\"http:\\\/\\\/impremar.com.ar\\\/web\\\/#website\"},\"primaryImageOfPage\":{\"@id\":\"http:\\\/\\\/impremar.com.ar\\\/web\\\/literatura\\\/#primaryimage\"},\"image\":{\"@id\":\"http:\\\/\\\/impremar.com.ar\\\/web\\\/literatura\\\/#primaryimage\"},\"thumbnailUrl\":\"http:\\\/\\\/impremar.com.ar\\\/web\\\/wp-content\\\/uploads\\\/2016\\\/03\\\/DSC8274.jpg\",\"datePublished\":\"2016-03-08T17:42:57+00:00\",\"dateModified\":\"2016-03-08T18:07:39+00:00\",\"breadcrumb\":{\"@id\":\"http:\\\/\\\/impremar.com.ar\\\/web\\\/literatura\\\/#breadcrumb\"},\"inLanguage\":\"es\",\"potentialAction\":[{\"@type\":\"ReadAction\",\"target\":[\"http:\\\/\\\/impremar.com.ar\\\/web\\\/literatura\\\/\"]}]},{\"@type\":\"ImageObject\",\"inLanguage\":\"es\",\"@id\":\"http:\\\/\\\/impremar.com.ar\\\/web\\\/literatura\\\/#primaryimage\",\"url\":\"http:\\\/\\\/impremar.com.ar\\\/web\\\/wp-content\\\/uploads\\\/2016\\\/03\\\/DSC8274.jpg\",\"contentUrl\":\"http:\\\/\\\/impremar.com.ar\\\/web\\\/wp-content\\\/uploads\\\/2016\\\/03\\\/DSC8274.jpg\",\"width\":800,\"height\":530},{\"@type\":\"BreadcrumbList\",\"@id\":\"http:\\\/\\\/impremar.com.ar\\\/web\\\/literatura\\\/#breadcrumb\",\"itemListElement\":[{\"@type\":\"ListItem\",\"position\":1,\"name\":\"Portada\",\"item\":\"http:\\\/\\\/impremar.com.ar\\\/web\\\/\"},{\"@type\":\"ListItem\",\"position\":2,\"name\":\"Literatura\"}]},{\"@type\":\"WebSite\",\"@id\":\"http:\\\/\\\/impremar.com.ar\\\/web\\\/#website\",\"url\":\"http:\\\/\\\/impremar.com.ar\\\/web\\\/\",\"name\":\"IMPREMAR\",\"description\":\"Imprenta en Caseros, Buenos Aires.\",\"publisher\":{\"@id\":\"http:\\\/\\\/impremar.com.ar\\\/web\\\/#organization\"},\"potentialAction\":[{\"@type\":\"SearchAction\",\"target\":{\"@type\":\"EntryPoint\",\"urlTemplate\":\"http:\\\/\\\/impremar.com.ar\\\/web\\\/?s={search_term_string}\"},\"query-input\":{\"@type\":\"PropertyValueSpecification\",\"valueRequired\":true,\"valueName\":\"search_term_string\"}}],\"inLanguage\":\"es\"},{\"@type\":\"Organization\",\"@id\":\"http:\\\/\\\/impremar.com.ar\\\/web\\\/#organization\",\"name\":\"Impremar\",\"url\":\"http:\\\/\\\/impremar.com.ar\\\/web\\\/\",\"logo\":{\"@type\":\"ImageObject\",\"inLanguage\":\"es\",\"@id\":\"http:\\\/\\\/impremar.com.ar\\\/web\\\/#\\\/schema\\\/logo\\\/image\\\/\",\"url\":\"http:\\\/\\\/impremar.com.ar\\\/web\\\/wp-content\\\/uploads\\\/2016\\\/03\\\/LOGO-IMPREMARch.png\",\"contentUrl\":\"http:\\\/\\\/impremar.com.ar\\\/web\\\/wp-content\\\/uploads\\\/2016\\\/03\\\/LOGO-IMPREMARch.png\",\"width\":187,\"height\":70,\"caption\":\"Impremar\"},\"image\":{\"@id\":\"http:\\\/\\\/impremar.com.ar\\\/web\\\/#\\\/schema\\\/logo\\\/image\\\/\"},\"sameAs\":[\"https:\\\/\\\/www.facebook.com\\\/impresosimpremar\"]}]}<\/script>\n<!-- \/ Yoast SEO plugin. -->","yoast_head_json":{"title":"Literatura | IMPREMAR","robots":{"index":"index","follow":"follow","max-snippet":"max-snippet:-1","max-image-preview":"max-image-preview:large","max-video-preview":"max-video-preview:-1"},"canonical":"http:\/\/impremar.com.ar\/web\/literatura\/","og_locale":"es_ES","og_type":"article","og_title":"Literatura | IMPREMAR","og_description":"Impresos en cartulinas a cuatro colores para la difusi\u00f3n completa de informaci\u00f3n sobre productos, brochures, fichas t\u00e9cnicas, etc&#8230;","og_url":"http:\/\/impremar.com.ar\/web\/literatura\/","og_site_name":"IMPREMAR","article_publisher":"https:\/\/www.facebook.com\/impresosimpremar","article_modified_time":"2016-03-08T18:07:39+00:00","og_image":[{"width":800,"height":530,"url":"http:\/\/impremar.com.ar\/web\/wp-content\/uploads\/2016\/03\/DSC8274.jpg","type":"image\/jpeg"}],"twitter_card":"summary_large_image","schema":{"@context":"https:\/\/schema.org","@graph":[{"@type":"WebPage","@id":"http:\/\/impremar.com.ar\/web\/literatura\/","url":"http:\/\/impremar.com.ar\/web\/literatura\/","name":"Literatura | IMPREMAR","isPartOf":{"@id":"http:\/\/impremar.com.ar\/web\/#website"},"primaryImageOfPage":{"@id":"http:\/\/impremar.com.ar\/web\/literatura\/#primaryimage"},"image":{"@id":"http:\/\/impremar.com.ar\/web\/literatura\/#primaryimage"},"thumbnailUrl":"http:\/\/impremar.com.ar\/web\/wp-content\/uploads\/2016\/03\/DSC8274.jpg","datePublished":"2016-03-08T17:42:57+00:00","dateModified":"2016-03-08T18:07:39+00:00","breadcrumb":{"@id":"http:\/\/impremar.com.ar\/web\/literatura\/#breadcrumb"},"inLanguage":"es","potentialAction":[{"@type":"ReadAction","target":["http:\/\/impremar.com.ar\/web\/literatura\/"]}]},{"@type":"ImageObject","inLanguage":"es","@id":"http:\/\/impremar.com.ar\/web\/literatura\/#primaryimage","url":"http:\/\/impremar.com.ar\/web\/wp-content\/uploads\/2016\/03\/DSC8274.jpg","contentUrl":"http:\/\/impremar.com.ar\/web\/wp-content\/uploads\/2016\/03\/DSC8274.jpg","width":800,"height":530},{"@type":"BreadcrumbList","@id":"http:\/\/impremar.com.ar\/web\/literatura\/#breadcrumb","itemListElement":[{"@type":"ListItem","position":1,"name":"Portada","item":"http:\/\/impremar.com.ar\/web\/"},{"@type":"ListItem","position":2,"name":"Literatura"}]},{"@type":"WebSite","@id":"http:\/\/impremar.com.ar\/web\/#website","url":"http:\/\/impremar.com.ar\/web\/","name":"IMPREMAR","description":"Imprenta en Caseros, Buenos Aires.","publisher":{"@id":"http:\/\/impremar.com.ar\/web\/#organization"},"potentialAction":[{"@type":"SearchAction","target":{"@type":"EntryPoint","urlTemplate":"http:\/\/impremar.com.ar\/web\/?s={search_term_string}"},"query-input":{"@type":"PropertyValueSpecification","valueRequired":true,"valueName":"search_term_string"}}],"inLanguage":"es"},{"@type":"Organization","@id":"http:\/\/impremar.com.ar\/web\/#organization","name":"Impremar","url":"http:\/\/impremar.com.ar\/web\/","logo":{"@type":"ImageObject","inLanguage":"es","@id":"http:\/\/impremar.com.ar\/web\/#\/schema\/logo\/image\/","url":"http:\/\/impremar.com.ar\/web\/wp-content\/uploads\/2016\/03\/LOGO-IMPREMARch.png","contentUrl":"http:\/\/impremar.com.ar\/web\/wp-content\/uploads\/2016\/03\/LOGO-IMPREMARch.png","width":187,"height":70,"caption":"Impremar"},"image":{"@id":"http:\/\/impremar.com.ar\/web\/#\/schema\/logo\/image\/"},"sameAs":["https:\/\/www.facebook.com\/impresosimpremar"]}]}},"_links":{"self":[{"href":"http:\/\/impremar.com.ar\/web\/wp-json\/wp\/v2\/pages\/415","targetHints":{"allow":["GET"]}}],"collection":[{"href":"http:\/\/impremar.com.ar\/web\/wp-json\/wp\/v2\/pages"}],"about":[{"href":"http:\/\/impremar.com.ar\/web\/wp-json\/wp\/v2\/types\/page"}],"author":[{"embeddable":true,"href":"http:\/\/impremar.com.ar\/web\/wp-json\/wp\/v2\/users\/2"}],"replies":[{"embeddable":true,"href":"http:\/\/impremar.com.ar\/web\/wp-json\/wp\/v2\/comments?post=415"}],"version-history":[{"count":3,"href":"http:\/\/impremar.com.ar\/web\/wp-json\/wp\/v2\/pages\/415\/revisions"}],"predecessor-version":[{"id":453,"href":"http:\/\/impremar.com.ar\/web\/wp-json\/wp\/v2\/pages\/415\/revisions\/453"}],"wp:featuredmedia":[{"embeddable":true,"href":"http:\/\/impremar.com.ar\/web\/wp-json\/wp\/v2\/media\/419"}],"wp:attachment":[{"href":"http:\/\/impremar.com.ar\/web\/wp-json\/wp\/v2\/media?parent=415"}],"curies":[{"name":"wp","href":"https:\/\/api.w.org\/{rel}","templated":true}]}}