{"id":2,"date":"2013-11-06T11:55:36","date_gmt":"2013-11-06T11:55:36","guid":{"rendered":"http:\/\/impremar.com.ar\/web\/?page_id=2"},"modified":"2019-06-18T18:55:58","modified_gmt":"2019-06-18T18:55:58","slug":"nosotros","status":"publish","type":"page","link":"http:\/\/impremar.com.ar\/web\/nosotros\/","title":{"rendered":"Nosotros"},"content":{"rendered":"<div style=\"overflow: hidden;\">\n<p>Somos una imprenta en\u00a0Caseros\u00a0con m\u00e1s de 15 a\u00f1os de trayectoria en la industria gr\u00e1fica, brind\u00e1ndoles servicio y calidad a nuestros clientes.<\/p>\n<blockquote><p>Tenemos la misi\u00f3n de ofrecer un servicio profesional tanto en tiempo como en forma y calidad.<\/p><\/blockquote>\n<blockquote><p>Nuestro objetivo principal es brindar un asesoramiento pormenorizado y una atenci\u00f3n personalizada para que ud.\u00a0logre obtener un material gr\u00e1fico que cumpla con sus expectativas.<\/p><\/blockquote>\n<p>Nos encontramos ubicados en la localidad de Caseros y realizamos env\u00edos de trabajos a todo el pa\u00eds.<\/p>\n<p>No dude en consultarnos por cualquier inquietud o pedido de presupuesto desde nuestro <a href=\"http:\/\/impremar.com.ar\/web\/contacto\/\">formulario de contacto<\/a>.<\/p>\n<\/div>\n<p>&nbsp;<\/p>\n\n\t\t<style type=\"text\/css\">\n\t\t\t#gallery-1 {\n\t\t\t\tmargin: auto;\n\t\t\t}\n\t\t\t#gallery-1 .gallery-item {\n\t\t\t\tfloat: left;\n\t\t\t\tmargin-top: 10px;\n\t\t\t\ttext-align: center;\n\t\t\t\twidth: 20%;\n\t\t\t}\n\t\t\t#gallery-1 img {\n\t\t\t\tborder: 2px solid #cfcfcf;\n\t\t\t}\n\t\t\t#gallery-1 .gallery-caption {\n\t\t\t\tmargin-left: 0;\n\t\t\t}\n\t\t\t\/* see gallery_shortcode() in wp-includes\/media.php *\/\n\t\t<\/style>\n\t\t<div id='gallery-1' class='gallery galleryid-2 gallery-columns-5 gallery-size-thumbnail'><dl class='gallery-item'>\n\t\t\t<dt class='gallery-icon landscape'>\n\t\t\t\t<a class=\"grouped_elements\" rel=\"tc-fancybox-group\" href=\"http:\/\/impremar.com.ar\/web\/wp-content\/uploads\/2013\/11\/DSC8252.jpg\" title=\"_DSC8252\"><img loading=\"lazy\" decoding=\"async\" width=\"150\" height=\"150\" src=\"http:\/\/impremar.com.ar\/web\/wp-content\/uploads\/2013\/11\/DSC8252-150x150.jpg\" class=\"attachment-thumbnail size-thumbnail\" alt=\"\" \/><\/a>\n\t\t\t<\/dt><\/dl><dl class='gallery-item'>\n\t\t\t<dt class='gallery-icon landscape'>\n\t\t\t\t<a class=\"grouped_elements\" rel=\"tc-fancybox-group\" href=\"http:\/\/impremar.com.ar\/web\/wp-content\/uploads\/2013\/11\/DSC8166.jpg\" title=\"_DSC8166\"><img loading=\"lazy\" decoding=\"async\" width=\"150\" height=\"150\" src=\"http:\/\/impremar.com.ar\/web\/wp-content\/uploads\/2013\/11\/DSC8166-150x150.jpg\" class=\"attachment-thumbnail size-thumbnail\" alt=\"\" \/><\/a>\n\t\t\t<\/dt><\/dl><dl class='gallery-item'>\n\t\t\t<dt class='gallery-icon landscape'>\n\t\t\t\t<a class=\"grouped_elements\" rel=\"tc-fancybox-group\" href=\"http:\/\/impremar.com.ar\/web\/wp-content\/uploads\/2013\/11\/DSC8179.jpg\" title=\"_DSC8179\"><img loading=\"lazy\" decoding=\"async\" width=\"150\" height=\"150\" src=\"http:\/\/impremar.com.ar\/web\/wp-content\/uploads\/2013\/11\/DSC8179-150x150.jpg\" class=\"attachment-thumbnail size-thumbnail\" alt=\"\" \/><\/a>\n\t\t\t<\/dt><\/dl><dl class='gallery-item'>\n\t\t\t<dt class='gallery-icon landscape'>\n\t\t\t\t<a class=\"grouped_elements\" rel=\"tc-fancybox-group\" href=\"http:\/\/impremar.com.ar\/web\/wp-content\/uploads\/2013\/11\/DSC8207.jpg\" title=\"_DSC8207\"><img loading=\"lazy\" decoding=\"async\" width=\"150\" height=\"150\" src=\"http:\/\/impremar.com.ar\/web\/wp-content\/uploads\/2013\/11\/DSC8207-150x150.jpg\" class=\"attachment-thumbnail size-thumbnail\" alt=\"\" \/><\/a>\n\t\t\t<\/dt><\/dl><dl class='gallery-item'>\n\t\t\t<dt class='gallery-icon landscape'>\n\t\t\t\t<a class=\"grouped_elements\" rel=\"tc-fancybox-group\" href=\"http:\/\/impremar.com.ar\/web\/wp-content\/uploads\/2013\/11\/DSC8188.jpg\" title=\"_DSC8188\"><img loading=\"lazy\" decoding=\"async\" width=\"150\" height=\"150\" src=\"http:\/\/impremar.com.ar\/web\/wp-content\/uploads\/2013\/11\/DSC8188-150x150.jpg\" class=\"attachment-thumbnail size-thumbnail\" alt=\"\" \/><\/a>\n\t\t\t<\/dt><\/dl><br style=\"clear: both\" \/><dl class='gallery-item'>\n\t\t\t<dt class='gallery-icon landscape'>\n\t\t\t\t<a class=\"grouped_elements\" rel=\"tc-fancybox-group\" href=\"http:\/\/impremar.com.ar\/web\/wp-content\/uploads\/2013\/11\/DSC8181.jpg\" title=\"_DSC8181\"><img loading=\"lazy\" decoding=\"async\" width=\"150\" height=\"150\" src=\"http:\/\/impremar.com.ar\/web\/wp-content\/uploads\/2013\/11\/DSC8181-150x150.jpg\" class=\"attachment-thumbnail size-thumbnail\" alt=\"\" \/><\/a>\n\t\t\t<\/dt><\/dl><dl class='gallery-item'>\n\t\t\t<dt class='gallery-icon landscape'>\n\t\t\t\t<a class=\"grouped_elements\" rel=\"tc-fancybox-group\" href=\"http:\/\/impremar.com.ar\/web\/wp-content\/uploads\/2013\/11\/DSC8183.jpg\" title=\"_DSC8183\"><img loading=\"lazy\" decoding=\"async\" width=\"150\" height=\"150\" src=\"http:\/\/impremar.com.ar\/web\/wp-content\/uploads\/2013\/11\/DSC8183-150x150.jpg\" class=\"attachment-thumbnail size-thumbnail\" alt=\"\" \/><\/a>\n\t\t\t<\/dt><\/dl><dl class='gallery-item'>\n\t\t\t<dt class='gallery-icon landscape'>\n\t\t\t\t<a class=\"grouped_elements\" rel=\"tc-fancybox-group\" href=\"http:\/\/impremar.com.ar\/web\/wp-content\/uploads\/2013\/11\/DSC8196.jpg\" title=\"_DSC8196\"><img loading=\"lazy\" decoding=\"async\" width=\"150\" height=\"150\" src=\"http:\/\/impremar.com.ar\/web\/wp-content\/uploads\/2013\/11\/DSC8196-150x150.jpg\" class=\"attachment-thumbnail size-thumbnail\" alt=\"\" \/><\/a>\n\t\t\t<\/dt><\/dl><dl class='gallery-item'>\n\t\t\t<dt class='gallery-icon portrait'>\n\t\t\t\t<a class=\"grouped_elements\" rel=\"tc-fancybox-group\" href=\"http:\/\/impremar.com.ar\/web\/wp-content\/uploads\/2013\/11\/DSC8194.jpg\" title=\"_DSC8194\"><img loading=\"lazy\" decoding=\"async\" width=\"150\" height=\"150\" src=\"http:\/\/impremar.com.ar\/web\/wp-content\/uploads\/2013\/11\/DSC8194-150x150.jpg\" class=\"attachment-thumbnail size-thumbnail\" alt=\"\" \/><\/a>\n\t\t\t<\/dt><\/dl><dl class='gallery-item'>\n\t\t\t<dt class='gallery-icon landscape'>\n\t\t\t\t<a class=\"grouped_elements\" rel=\"tc-fancybox-group\" href=\"http:\/\/impremar.com.ar\/web\/wp-content\/uploads\/2013\/11\/DSC8216.jpg\" title=\"_DSC8216\"><img loading=\"lazy\" decoding=\"async\" width=\"150\" height=\"150\" src=\"http:\/\/impremar.com.ar\/web\/wp-content\/uploads\/2013\/11\/DSC8216-150x150.jpg\" class=\"attachment-thumbnail size-thumbnail\" alt=\"\" \/><\/a>\n\t\t\t<\/dt><\/dl><br style=\"clear: both\" \/><dl class='gallery-item'>\n\t\t\t<dt class='gallery-icon landscape'>\n\t\t\t\t<a class=\"grouped_elements\" rel=\"tc-fancybox-group\" href=\"http:\/\/impremar.com.ar\/web\/wp-content\/uploads\/2013\/11\/DSC8218.jpg\" title=\"_DSC8218\"><img loading=\"lazy\" decoding=\"async\" width=\"150\" height=\"150\" src=\"http:\/\/impremar.com.ar\/web\/wp-content\/uploads\/2013\/11\/DSC8218-150x150.jpg\" class=\"attachment-thumbnail size-thumbnail\" alt=\"\" \/><\/a>\n\t\t\t<\/dt><\/dl><dl class='gallery-item'>\n\t\t\t<dt class='gallery-icon landscape'>\n\t\t\t\t<a class=\"grouped_elements\" rel=\"tc-fancybox-group\" href=\"http:\/\/impremar.com.ar\/web\/wp-content\/uploads\/2013\/11\/DSC8029.jpg\" title=\"_DSC8029\"><img loading=\"lazy\" decoding=\"async\" width=\"150\" height=\"150\" src=\"http:\/\/impremar.com.ar\/web\/wp-content\/uploads\/2013\/11\/DSC8029-150x150.jpg\" class=\"attachment-thumbnail size-thumbnail\" alt=\"\" \/><\/a>\n\t\t\t<\/dt><\/dl><dl class='gallery-item'>\n\t\t\t<dt class='gallery-icon landscape'>\n\t\t\t\t<a class=\"grouped_elements\" rel=\"tc-fancybox-group\" href=\"http:\/\/impremar.com.ar\/web\/wp-content\/uploads\/2013\/11\/DSC8243.jpg\" title=\"_DSC8243\"><img loading=\"lazy\" decoding=\"async\" width=\"150\" height=\"150\" src=\"http:\/\/impremar.com.ar\/web\/wp-content\/uploads\/2013\/11\/DSC8243-150x150.jpg\" class=\"attachment-thumbnail size-thumbnail\" alt=\"\" \/><\/a>\n\t\t\t<\/dt><\/dl>\n\t\t\t<br style='clear: both' \/>\n\t\t<\/div>\n\n","protected":false},"excerpt":{"rendered":"<p>Somos una imprenta en\u00a0Caseros\u00a0con m\u00e1s de 15 a\u00f1os de trayectoria en la industria gr\u00e1fica, brind\u00e1ndoles servicio y calidad a nuestros clientes. Tenemos la misi\u00f3n de ofrecer un servicio profesional tanto en tiempo como en forma y calidad. Nuestro objetivo principal es brindar un asesoramiento pormenorizado y una atenci\u00f3n personalizada para que ud.\u00a0logre obtener un material [&hellip;]<\/p>\n","protected":false},"author":1,"featured_media":287,"parent":0,"menu_order":0,"comment_status":"open","ping_status":"open","template":"","meta":{"footnotes":""},"class_list":["post-2","page","type-page","status-publish","has-post-thumbnail","czr-hentry"],"yoast_head":"<!-- This site is optimized with the Yoast SEO plugin v27.4 - https:\/\/yoast.com\/product\/yoast-seo-wordpress\/ -->\n<title>Imprenta en Caseros | IMPREMAR<\/title>\n<meta name=\"description\" content=\"Somos una imprenta en Caseros con m\u00e1s e 15 a\u00f1os de experiencia, conozca nuestros servicios y cons\u00faltenos sobre como podemos mejorar sus costos.\" \/>\n<meta name=\"robots\" content=\"index, follow, max-snippet:-1, max-image-preview:large, max-video-preview:-1\" \/>\n<link rel=\"canonical\" href=\"http:\/\/impremar.com.ar\/web\/nosotros\/\" \/>\n<meta property=\"og:locale\" content=\"es_ES\" \/>\n<meta property=\"og:type\" content=\"article\" \/>\n<meta property=\"og:title\" content=\"Imprenta en Caseros | IMPREMAR\" \/>\n<meta property=\"og:description\" content=\"Somos una imprenta en Caseros con m\u00e1s e 15 a\u00f1os de experiencia, conozca nuestros servicios y cons\u00faltenos sobre como podemos mejorar sus costos.\" \/>\n<meta property=\"og:url\" content=\"http:\/\/impremar.com.ar\/web\/nosotros\/\" \/>\n<meta property=\"og:site_name\" content=\"IMPREMAR\" \/>\n<meta property=\"article:publisher\" content=\"https:\/\/www.facebook.com\/impresosimpremar\" \/>\n<meta property=\"article:modified_time\" content=\"2019-06-18T18:55:58+00:00\" \/>\n<meta property=\"og:image\" content=\"http:\/\/impremar.com.ar\/web\/wp-content\/uploads\/2013\/11\/DSC8252.jpg\" \/>\n\t<meta property=\"og:image:width\" content=\"800\" \/>\n\t<meta property=\"og:image:height\" content=\"530\" \/>\n\t<meta property=\"og:image:type\" content=\"image\/jpeg\" \/>\n<meta name=\"twitter:card\" content=\"summary_large_image\" \/>\n<meta name=\"twitter:label1\" content=\"Tiempo de lectura\" \/>\n\t<meta name=\"twitter:data1\" content=\"1 minuto\" \/>\n<script type=\"application\/ld+json\" class=\"yoast-schema-graph\">{\"@context\":\"https:\\\/\\\/schema.org\",\"@graph\":[{\"@type\":\"WebPage\",\"@id\":\"http:\\\/\\\/impremar.com.ar\\\/web\\\/nosotros\\\/\",\"url\":\"http:\\\/\\\/impremar.com.ar\\\/web\\\/nosotros\\\/\",\"name\":\"Imprenta en Caseros | IMPREMAR\",\"isPartOf\":{\"@id\":\"http:\\\/\\\/impremar.com.ar\\\/web\\\/#website\"},\"primaryImageOfPage\":{\"@id\":\"http:\\\/\\\/impremar.com.ar\\\/web\\\/nosotros\\\/#primaryimage\"},\"image\":{\"@id\":\"http:\\\/\\\/impremar.com.ar\\\/web\\\/nosotros\\\/#primaryimage\"},\"thumbnailUrl\":\"http:\\\/\\\/impremar.com.ar\\\/web\\\/wp-content\\\/uploads\\\/2013\\\/11\\\/DSC8252.jpg\",\"datePublished\":\"2013-11-06T11:55:36+00:00\",\"dateModified\":\"2019-06-18T18:55:58+00:00\",\"description\":\"Somos una imprenta en Caseros con m\u00e1s e 15 a\u00f1os de experiencia, conozca nuestros servicios y cons\u00faltenos sobre como podemos mejorar sus costos.\",\"breadcrumb\":{\"@id\":\"http:\\\/\\\/impremar.com.ar\\\/web\\\/nosotros\\\/#breadcrumb\"},\"inLanguage\":\"es\",\"potentialAction\":[{\"@type\":\"ReadAction\",\"target\":[\"http:\\\/\\\/impremar.com.ar\\\/web\\\/nosotros\\\/\"]}]},{\"@type\":\"ImageObject\",\"inLanguage\":\"es\",\"@id\":\"http:\\\/\\\/impremar.com.ar\\\/web\\\/nosotros\\\/#primaryimage\",\"url\":\"http:\\\/\\\/impremar.com.ar\\\/web\\\/wp-content\\\/uploads\\\/2013\\\/11\\\/DSC8252.jpg\",\"contentUrl\":\"http:\\\/\\\/impremar.com.ar\\\/web\\\/wp-content\\\/uploads\\\/2013\\\/11\\\/DSC8252.jpg\",\"width\":800,\"height\":530},{\"@type\":\"BreadcrumbList\",\"@id\":\"http:\\\/\\\/impremar.com.ar\\\/web\\\/nosotros\\\/#breadcrumb\",\"itemListElement\":[{\"@type\":\"ListItem\",\"position\":1,\"name\":\"Portada\",\"item\":\"http:\\\/\\\/impremar.com.ar\\\/web\\\/\"},{\"@type\":\"ListItem\",\"position\":2,\"name\":\"Nosotros\"}]},{\"@type\":\"WebSite\",\"@id\":\"http:\\\/\\\/impremar.com.ar\\\/web\\\/#website\",\"url\":\"http:\\\/\\\/impremar.com.ar\\\/web\\\/\",\"name\":\"IMPREMAR\",\"description\":\"Imprenta en Caseros, Buenos Aires.\",\"publisher\":{\"@id\":\"http:\\\/\\\/impremar.com.ar\\\/web\\\/#organization\"},\"potentialAction\":[{\"@type\":\"SearchAction\",\"target\":{\"@type\":\"EntryPoint\",\"urlTemplate\":\"http:\\\/\\\/impremar.com.ar\\\/web\\\/?s={search_term_string}\"},\"query-input\":{\"@type\":\"PropertyValueSpecification\",\"valueRequired\":true,\"valueName\":\"search_term_string\"}}],\"inLanguage\":\"es\"},{\"@type\":\"Organization\",\"@id\":\"http:\\\/\\\/impremar.com.ar\\\/web\\\/#organization\",\"name\":\"Impremar\",\"url\":\"http:\\\/\\\/impremar.com.ar\\\/web\\\/\",\"logo\":{\"@type\":\"ImageObject\",\"inLanguage\":\"es\",\"@id\":\"http:\\\/\\\/impremar.com.ar\\\/web\\\/#\\\/schema\\\/logo\\\/image\\\/\",\"url\":\"http:\\\/\\\/impremar.com.ar\\\/web\\\/wp-content\\\/uploads\\\/2016\\\/03\\\/LOGO-IMPREMARch.png\",\"contentUrl\":\"http:\\\/\\\/impremar.com.ar\\\/web\\\/wp-content\\\/uploads\\\/2016\\\/03\\\/LOGO-IMPREMARch.png\",\"width\":187,\"height\":70,\"caption\":\"Impremar\"},\"image\":{\"@id\":\"http:\\\/\\\/impremar.com.ar\\\/web\\\/#\\\/schema\\\/logo\\\/image\\\/\"},\"sameAs\":[\"https:\\\/\\\/www.facebook.com\\\/impresosimpremar\"]}]}<\/script>\n<!-- \/ Yoast SEO plugin. -->","yoast_head_json":{"title":"Imprenta en Caseros | IMPREMAR","description":"Somos una imprenta en Caseros con m\u00e1s e 15 a\u00f1os de experiencia, conozca nuestros servicios y cons\u00faltenos sobre como podemos mejorar sus costos.","robots":{"index":"index","follow":"follow","max-snippet":"max-snippet:-1","max-image-preview":"max-image-preview:large","max-video-preview":"max-video-preview:-1"},"canonical":"http:\/\/impremar.com.ar\/web\/nosotros\/","og_locale":"es_ES","og_type":"article","og_title":"Imprenta en Caseros | IMPREMAR","og_description":"Somos una imprenta en Caseros con m\u00e1s e 15 a\u00f1os de experiencia, conozca nuestros servicios y cons\u00faltenos sobre como podemos mejorar sus costos.","og_url":"http:\/\/impremar.com.ar\/web\/nosotros\/","og_site_name":"IMPREMAR","article_publisher":"https:\/\/www.facebook.com\/impresosimpremar","article_modified_time":"2019-06-18T18:55:58+00:00","og_image":[{"width":800,"height":530,"url":"http:\/\/impremar.com.ar\/web\/wp-content\/uploads\/2013\/11\/DSC8252.jpg","type":"image\/jpeg"}],"twitter_card":"summary_large_image","twitter_misc":{"Tiempo de lectura":"1 minuto"},"schema":{"@context":"https:\/\/schema.org","@graph":[{"@type":"WebPage","@id":"http:\/\/impremar.com.ar\/web\/nosotros\/","url":"http:\/\/impremar.com.ar\/web\/nosotros\/","name":"Imprenta en Caseros | IMPREMAR","isPartOf":{"@id":"http:\/\/impremar.com.ar\/web\/#website"},"primaryImageOfPage":{"@id":"http:\/\/impremar.com.ar\/web\/nosotros\/#primaryimage"},"image":{"@id":"http:\/\/impremar.com.ar\/web\/nosotros\/#primaryimage"},"thumbnailUrl":"http:\/\/impremar.com.ar\/web\/wp-content\/uploads\/2013\/11\/DSC8252.jpg","datePublished":"2013-11-06T11:55:36+00:00","dateModified":"2019-06-18T18:55:58+00:00","description":"Somos una imprenta en Caseros con m\u00e1s e 15 a\u00f1os de experiencia, conozca nuestros servicios y cons\u00faltenos sobre como podemos mejorar sus costos.","breadcrumb":{"@id":"http:\/\/impremar.com.ar\/web\/nosotros\/#breadcrumb"},"inLanguage":"es","potentialAction":[{"@type":"ReadAction","target":["http:\/\/impremar.com.ar\/web\/nosotros\/"]}]},{"@type":"ImageObject","inLanguage":"es","@id":"http:\/\/impremar.com.ar\/web\/nosotros\/#primaryimage","url":"http:\/\/impremar.com.ar\/web\/wp-content\/uploads\/2013\/11\/DSC8252.jpg","contentUrl":"http:\/\/impremar.com.ar\/web\/wp-content\/uploads\/2013\/11\/DSC8252.jpg","width":800,"height":530},{"@type":"BreadcrumbList","@id":"http:\/\/impremar.com.ar\/web\/nosotros\/#breadcrumb","itemListElement":[{"@type":"ListItem","position":1,"name":"Portada","item":"http:\/\/impremar.com.ar\/web\/"},{"@type":"ListItem","position":2,"name":"Nosotros"}]},{"@type":"WebSite","@id":"http:\/\/impremar.com.ar\/web\/#website","url":"http:\/\/impremar.com.ar\/web\/","name":"IMPREMAR","description":"Imprenta en Caseros, Buenos Aires.","publisher":{"@id":"http:\/\/impremar.com.ar\/web\/#organization"},"potentialAction":[{"@type":"SearchAction","target":{"@type":"EntryPoint","urlTemplate":"http:\/\/impremar.com.ar\/web\/?s={search_term_string}"},"query-input":{"@type":"PropertyValueSpecification","valueRequired":true,"valueName":"search_term_string"}}],"inLanguage":"es"},{"@type":"Organization","@id":"http:\/\/impremar.com.ar\/web\/#organization","name":"Impremar","url":"http:\/\/impremar.com.ar\/web\/","logo":{"@type":"ImageObject","inLanguage":"es","@id":"http:\/\/impremar.com.ar\/web\/#\/schema\/logo\/image\/","url":"http:\/\/impremar.com.ar\/web\/wp-content\/uploads\/2016\/03\/LOGO-IMPREMARch.png","contentUrl":"http:\/\/impremar.com.ar\/web\/wp-content\/uploads\/2016\/03\/LOGO-IMPREMARch.png","width":187,"height":70,"caption":"Impremar"},"image":{"@id":"http:\/\/impremar.com.ar\/web\/#\/schema\/logo\/image\/"},"sameAs":["https:\/\/www.facebook.com\/impresosimpremar"]}]}},"_links":{"self":[{"href":"http:\/\/impremar.com.ar\/web\/wp-json\/wp\/v2\/pages\/2","targetHints":{"allow":["GET"]}}],"collection":[{"href":"http:\/\/impremar.com.ar\/web\/wp-json\/wp\/v2\/pages"}],"about":[{"href":"http:\/\/impremar.com.ar\/web\/wp-json\/wp\/v2\/types\/page"}],"author":[{"embeddable":true,"href":"http:\/\/impremar.com.ar\/web\/wp-json\/wp\/v2\/users\/1"}],"replies":[{"embeddable":true,"href":"http:\/\/impremar.com.ar\/web\/wp-json\/wp\/v2\/comments?post=2"}],"version-history":[{"count":15,"href":"http:\/\/impremar.com.ar\/web\/wp-json\/wp\/v2\/pages\/2\/revisions"}],"predecessor-version":[{"id":517,"href":"http:\/\/impremar.com.ar\/web\/wp-json\/wp\/v2\/pages\/2\/revisions\/517"}],"wp:featuredmedia":[{"embeddable":true,"href":"http:\/\/impremar.com.ar\/web\/wp-json\/wp\/v2\/media\/287"}],"wp:attachment":[{"href":"http:\/\/impremar.com.ar\/web\/wp-json\/wp\/v2\/media?parent=2"}],"curies":[{"name":"wp","href":"https:\/\/api.w.org\/{rel}","templated":true}]}}