{"id":13,"date":"2016-03-02T20:41:43","date_gmt":"2016-03-02T20:41:43","guid":{"rendered":"http:\/\/impremar.com.ar\/web\/?page_id=13"},"modified":"2021-07-15T22:53:00","modified_gmt":"2021-07-15T22:53:00","slug":"contacto","status":"publish","type":"page","link":"http:\/\/impremar.com.ar\/web\/contacto\/","title":{"rendered":"Contacto"},"content":{"rendered":"<div style=\"float: right; clear: both; width: 400px;\">\n<h3><strong>Formulario de contacto<\/strong><\/h3>\n\n<div class=\"wpcf7 no-js\" id=\"wpcf7-f538-o1\" lang=\"es-ES\" dir=\"ltr\" data-wpcf7-id=\"538\">\n<div class=\"screen-reader-response\"><p role=\"status\" aria-live=\"polite\" aria-atomic=\"true\"><\/p> <ul><\/ul><\/div>\n<form action=\"\/web\/wp-json\/wp\/v2\/pages\/13#wpcf7-f538-o1\" method=\"post\" class=\"wpcf7-form init\" aria-label=\"Formulario de contacto\" novalidate=\"novalidate\" data-status=\"init\">\n<fieldset class=\"hidden-fields-container\"><input type=\"hidden\" name=\"_wpcf7\" value=\"538\" \/><input type=\"hidden\" name=\"_wpcf7_version\" value=\"6.1.5\" \/><input type=\"hidden\" name=\"_wpcf7_locale\" value=\"es_ES\" \/><input type=\"hidden\" name=\"_wpcf7_unit_tag\" value=\"wpcf7-f538-o1\" \/><input type=\"hidden\" name=\"_wpcf7_container_post\" value=\"0\" \/><input type=\"hidden\" name=\"_wpcf7_posted_data_hash\" value=\"\" \/>\n<\/fieldset>\n<p><label> Tu nombre<br \/>\n<span class=\"wpcf7-form-control-wrap\" data-name=\"your-name\"><input size=\"40\" maxlength=\"400\" class=\"wpcf7-form-control wpcf7-text wpcf7-validates-as-required\" aria-required=\"true\" aria-invalid=\"false\" value=\"\" type=\"text\" name=\"your-name\" \/><\/span> <\/label>\n<\/p>\n<p><label> Tu correo electr\u00f3nico<br \/>\n<span class=\"wpcf7-form-control-wrap\" data-name=\"your-email\"><input size=\"40\" maxlength=\"400\" class=\"wpcf7-form-control wpcf7-email wpcf7-validates-as-required wpcf7-text wpcf7-validates-as-email\" aria-required=\"true\" aria-invalid=\"false\" value=\"\" type=\"email\" name=\"your-email\" \/><\/span> <\/label>\n<\/p>\n<p><label> Asunto<br \/>\n<span class=\"wpcf7-form-control-wrap\" data-name=\"your-subject\"><input size=\"40\" maxlength=\"400\" class=\"wpcf7-form-control wpcf7-text wpcf7-validates-as-required\" aria-required=\"true\" aria-invalid=\"false\" value=\"\" type=\"text\" name=\"your-subject\" \/><\/span> <\/label>\n<\/p>\n<p><label> Tu mensaje (opcional)<br \/>\n<span class=\"wpcf7-form-control-wrap\" data-name=\"your-message\"><textarea cols=\"40\" rows=\"10\" maxlength=\"2000\" class=\"wpcf7-form-control wpcf7-textarea\" aria-invalid=\"false\" name=\"your-message\"><\/textarea><\/span> <\/label>\n<\/p>\n<p><input class=\"wpcf7-form-control wpcf7-submit has-spinner\" type=\"submit\" value=\"Enviar\" \/>\n<\/p><div class=\"wpcf7-response-output\" aria-hidden=\"true\"><\/div>\n<\/form>\n<\/div>\n\n<\/div>\n<div style=\"float: left; width: 420px;\">\n<p>Ante cualquier inquietud no tiene m\u00e1s que consultarnos y responderemos a la brevedad:<\/p>\n<p><strong>Tel\u00e9fono<\/strong><\/p>\n<p>2202-7462<\/p>\n<p><strong>Celular<\/strong><\/p>\n<p>15-5305-7114<\/p>\n<p><strong>Direcci\u00f3n<\/strong><\/p>\n<p>Julio Perdiguero 1625<br \/>\n(1678) Caseros<br \/>\nBuenos Aires,\u00a0Argentina<\/p>\n<hr \/>\n<p><iframe loading=\"lazy\" style=\"border: 0;\" src=\"https:\/\/www.google.com\/maps\/embed?pb=!1m18!1m12!1m3!1d3284.3105986002133!2d-58.560464985069586!3d-34.59630666461244!2m3!1f0!2f0!3f0!3m2!1i1024!2i768!4f13.1!3m3!1m2!1s0x95bcb828ef2cd25f%3A0x12b3834c1a9892c8!2sJulio+Perdiguero+1625%2C+B1678FNK+Caseros%2C+Buenos+Aires!5e0!3m2!1ses!2sar!4v1457058517690\" width=\"420\" height=\"380\" frameborder=\"0\" allowfullscreen=\"allowfullscreen\"><\/iframe><\/p>\n<\/div>\n","protected":false},"excerpt":{"rendered":"<p>Formulario de contacto Ante cualquier inquietud no tiene m\u00e1s que consultarnos y responderemos a la brevedad: Tel\u00e9fono 2202-7462 Celular 15-5305-7114 Direcci\u00f3n Julio Perdiguero 1625 (1678) Caseros Buenos Aires,\u00a0Argentina<\/p>\n","protected":false},"author":2,"featured_media":0,"parent":0,"menu_order":0,"comment_status":"closed","ping_status":"closed","template":"","meta":{"footnotes":""},"class_list":["post-13","page","type-page","status-publish","czr-hentry"],"yoast_head":"<!-- This site is optimized with the Yoast SEO plugin v27.4 - https:\/\/yoast.com\/product\/yoast-seo-wordpress\/ -->\n<title>Contacto | IMPREMAR<\/title>\n<meta name=\"robots\" content=\"index, follow, max-snippet:-1, max-image-preview:large, max-video-preview:-1\" \/>\n<link rel=\"canonical\" href=\"http:\/\/impremar.com.ar\/web\/contacto\/\" \/>\n<meta property=\"og:locale\" content=\"es_ES\" \/>\n<meta property=\"og:type\" content=\"article\" \/>\n<meta property=\"og:title\" content=\"Contacto | IMPREMAR\" \/>\n<meta property=\"og:description\" content=\"Formulario de contacto Ante cualquier inquietud no tiene m\u00e1s que consultarnos y responderemos a la brevedad: Tel\u00e9fono 2202-7462 Celular 15-5305-7114 Direcci\u00f3n Julio Perdiguero 1625 (1678) Caseros Buenos Aires,\u00a0Argentina\" \/>\n<meta property=\"og:url\" content=\"http:\/\/impremar.com.ar\/web\/contacto\/\" \/>\n<meta property=\"og:site_name\" content=\"IMPREMAR\" \/>\n<meta property=\"article:publisher\" content=\"https:\/\/www.facebook.com\/impresosimpremar\" \/>\n<meta property=\"article:modified_time\" content=\"2021-07-15T22:53:00+00:00\" \/>\n<meta name=\"twitter:card\" content=\"summary_large_image\" \/>\n<meta name=\"twitter:label1\" content=\"Tiempo de lectura\" \/>\n\t<meta name=\"twitter:data1\" content=\"1 minuto\" \/>\n<script type=\"application\/ld+json\" class=\"yoast-schema-graph\">{\"@context\":\"https:\\\/\\\/schema.org\",\"@graph\":[{\"@type\":\"WebPage\",\"@id\":\"http:\\\/\\\/impremar.com.ar\\\/web\\\/contacto\\\/\",\"url\":\"http:\\\/\\\/impremar.com.ar\\\/web\\\/contacto\\\/\",\"name\":\"Contacto | IMPREMAR\",\"isPartOf\":{\"@id\":\"http:\\\/\\\/impremar.com.ar\\\/web\\\/#website\"},\"datePublished\":\"2016-03-02T20:41:43+00:00\",\"dateModified\":\"2021-07-15T22:53:00+00:00\",\"breadcrumb\":{\"@id\":\"http:\\\/\\\/impremar.com.ar\\\/web\\\/contacto\\\/#breadcrumb\"},\"inLanguage\":\"es\",\"potentialAction\":[{\"@type\":\"ReadAction\",\"target\":[\"http:\\\/\\\/impremar.com.ar\\\/web\\\/contacto\\\/\"]}]},{\"@type\":\"BreadcrumbList\",\"@id\":\"http:\\\/\\\/impremar.com.ar\\\/web\\\/contacto\\\/#breadcrumb\",\"itemListElement\":[{\"@type\":\"ListItem\",\"position\":1,\"name\":\"Portada\",\"item\":\"http:\\\/\\\/impremar.com.ar\\\/web\\\/\"},{\"@type\":\"ListItem\",\"position\":2,\"name\":\"Contacto\"}]},{\"@type\":\"WebSite\",\"@id\":\"http:\\\/\\\/impremar.com.ar\\\/web\\\/#website\",\"url\":\"http:\\\/\\\/impremar.com.ar\\\/web\\\/\",\"name\":\"IMPREMAR\",\"description\":\"Imprenta en Caseros, Buenos Aires.\",\"publisher\":{\"@id\":\"http:\\\/\\\/impremar.com.ar\\\/web\\\/#organization\"},\"potentialAction\":[{\"@type\":\"SearchAction\",\"target\":{\"@type\":\"EntryPoint\",\"urlTemplate\":\"http:\\\/\\\/impremar.com.ar\\\/web\\\/?s={search_term_string}\"},\"query-input\":{\"@type\":\"PropertyValueSpecification\",\"valueRequired\":true,\"valueName\":\"search_term_string\"}}],\"inLanguage\":\"es\"},{\"@type\":\"Organization\",\"@id\":\"http:\\\/\\\/impremar.com.ar\\\/web\\\/#organization\",\"name\":\"Impremar\",\"url\":\"http:\\\/\\\/impremar.com.ar\\\/web\\\/\",\"logo\":{\"@type\":\"ImageObject\",\"inLanguage\":\"es\",\"@id\":\"http:\\\/\\\/impremar.com.ar\\\/web\\\/#\\\/schema\\\/logo\\\/image\\\/\",\"url\":\"http:\\\/\\\/impremar.com.ar\\\/web\\\/wp-content\\\/uploads\\\/2016\\\/03\\\/LOGO-IMPREMARch.png\",\"contentUrl\":\"http:\\\/\\\/impremar.com.ar\\\/web\\\/wp-content\\\/uploads\\\/2016\\\/03\\\/LOGO-IMPREMARch.png\",\"width\":187,\"height\":70,\"caption\":\"Impremar\"},\"image\":{\"@id\":\"http:\\\/\\\/impremar.com.ar\\\/web\\\/#\\\/schema\\\/logo\\\/image\\\/\"},\"sameAs\":[\"https:\\\/\\\/www.facebook.com\\\/impresosimpremar\"]}]}<\/script>\n<!-- \/ Yoast SEO plugin. -->","yoast_head_json":{"title":"Contacto | IMPREMAR","robots":{"index":"index","follow":"follow","max-snippet":"max-snippet:-1","max-image-preview":"max-image-preview:large","max-video-preview":"max-video-preview:-1"},"canonical":"http:\/\/impremar.com.ar\/web\/contacto\/","og_locale":"es_ES","og_type":"article","og_title":"Contacto | IMPREMAR","og_description":"Formulario de contacto Ante cualquier inquietud no tiene m\u00e1s que consultarnos y responderemos a la brevedad: Tel\u00e9fono 2202-7462 Celular 15-5305-7114 Direcci\u00f3n Julio Perdiguero 1625 (1678) Caseros Buenos Aires,\u00a0Argentina","og_url":"http:\/\/impremar.com.ar\/web\/contacto\/","og_site_name":"IMPREMAR","article_publisher":"https:\/\/www.facebook.com\/impresosimpremar","article_modified_time":"2021-07-15T22:53:00+00:00","twitter_card":"summary_large_image","twitter_misc":{"Tiempo de lectura":"1 minuto"},"schema":{"@context":"https:\/\/schema.org","@graph":[{"@type":"WebPage","@id":"http:\/\/impremar.com.ar\/web\/contacto\/","url":"http:\/\/impremar.com.ar\/web\/contacto\/","name":"Contacto | IMPREMAR","isPartOf":{"@id":"http:\/\/impremar.com.ar\/web\/#website"},"datePublished":"2016-03-02T20:41:43+00:00","dateModified":"2021-07-15T22:53:00+00:00","breadcrumb":{"@id":"http:\/\/impremar.com.ar\/web\/contacto\/#breadcrumb"},"inLanguage":"es","potentialAction":[{"@type":"ReadAction","target":["http:\/\/impremar.com.ar\/web\/contacto\/"]}]},{"@type":"BreadcrumbList","@id":"http:\/\/impremar.com.ar\/web\/contacto\/#breadcrumb","itemListElement":[{"@type":"ListItem","position":1,"name":"Portada","item":"http:\/\/impremar.com.ar\/web\/"},{"@type":"ListItem","position":2,"name":"Contacto"}]},{"@type":"WebSite","@id":"http:\/\/impremar.com.ar\/web\/#website","url":"http:\/\/impremar.com.ar\/web\/","name":"IMPREMAR","description":"Imprenta en Caseros, Buenos Aires.","publisher":{"@id":"http:\/\/impremar.com.ar\/web\/#organization"},"potentialAction":[{"@type":"SearchAction","target":{"@type":"EntryPoint","urlTemplate":"http:\/\/impremar.com.ar\/web\/?s={search_term_string}"},"query-input":{"@type":"PropertyValueSpecification","valueRequired":true,"valueName":"search_term_string"}}],"inLanguage":"es"},{"@type":"Organization","@id":"http:\/\/impremar.com.ar\/web\/#organization","name":"Impremar","url":"http:\/\/impremar.com.ar\/web\/","logo":{"@type":"ImageObject","inLanguage":"es","@id":"http:\/\/impremar.com.ar\/web\/#\/schema\/logo\/image\/","url":"http:\/\/impremar.com.ar\/web\/wp-content\/uploads\/2016\/03\/LOGO-IMPREMARch.png","contentUrl":"http:\/\/impremar.com.ar\/web\/wp-content\/uploads\/2016\/03\/LOGO-IMPREMARch.png","width":187,"height":70,"caption":"Impremar"},"image":{"@id":"http:\/\/impremar.com.ar\/web\/#\/schema\/logo\/image\/"},"sameAs":["https:\/\/www.facebook.com\/impresosimpremar"]}]}},"_links":{"self":[{"href":"http:\/\/impremar.com.ar\/web\/wp-json\/wp\/v2\/pages\/13","targetHints":{"allow":["GET"]}}],"collection":[{"href":"http:\/\/impremar.com.ar\/web\/wp-json\/wp\/v2\/pages"}],"about":[{"href":"http:\/\/impremar.com.ar\/web\/wp-json\/wp\/v2\/types\/page"}],"author":[{"embeddable":true,"href":"http:\/\/impremar.com.ar\/web\/wp-json\/wp\/v2\/users\/2"}],"replies":[{"embeddable":true,"href":"http:\/\/impremar.com.ar\/web\/wp-json\/wp\/v2\/comments?post=13"}],"version-history":[{"count":14,"href":"http:\/\/impremar.com.ar\/web\/wp-json\/wp\/v2\/pages\/13\/revisions"}],"predecessor-version":[{"id":540,"href":"http:\/\/impremar.com.ar\/web\/wp-json\/wp\/v2\/pages\/13\/revisions\/540"}],"wp:attachment":[{"href":"http:\/\/impremar.com.ar\/web\/wp-json\/wp\/v2\/media?parent=13"}],"curies":[{"name":"wp","href":"https:\/\/api.w.org\/{rel}","templated":true}]}}