{"id":119,"date":"2016-03-03T15:47:49","date_gmt":"2016-03-03T15:47:49","guid":{"rendered":"http:\/\/impremar.com.ar\/web\/?page_id=119"},"modified":"2016-03-08T17:31:06","modified_gmt":"2016-03-08T17:31:06","slug":"papeleria","status":"publish","type":"page","link":"http:\/\/impremar.com.ar\/web\/papeleria\/","title":{"rendered":"Papeler\u00eda"},"content":{"rendered":"<p>Impresi\u00f3n completa de papeler\u00eda: hoja membretada, sobres, etc&#8230;<\/p>\n<p><img loading=\"lazy\" decoding=\"async\" class=\"aligncenter size-full wp-image-123\" src=\"http:\/\/impremar.com.ar\/web\/wp-content\/uploads\/2016\/03\/DSC8017.jpg\" alt=\"imprenta papel membretado\" width=\"800\" height=\"716\" srcset=\"http:\/\/impremar.com.ar\/web\/wp-content\/uploads\/2016\/03\/DSC8017.jpg 800w, http:\/\/impremar.com.ar\/web\/wp-content\/uploads\/2016\/03\/DSC8017-300x269.jpg 300w, http:\/\/impremar.com.ar\/web\/wp-content\/uploads\/2016\/03\/DSC8017-768x687.jpg 768w\" sizes=\"auto, (max-width: 800px) 100vw, 800px\" \/><\/p>\n<p><img loading=\"lazy\" decoding=\"async\" class=\"aligncenter size-full wp-image-125\" src=\"http:\/\/impremar.com.ar\/web\/wp-content\/uploads\/2016\/03\/DSC8020.jpg\" alt=\"hojas membretadas zona oeste\" width=\"800\" height=\"530\" srcset=\"http:\/\/impremar.com.ar\/web\/wp-content\/uploads\/2016\/03\/DSC8020.jpg 800w, http:\/\/impremar.com.ar\/web\/wp-content\/uploads\/2016\/03\/DSC8020-300x199.jpg 300w, http:\/\/impremar.com.ar\/web\/wp-content\/uploads\/2016\/03\/DSC8020-768x509.jpg 768w\" sizes=\"auto, (max-width: 800px) 100vw, 800px\" \/><\/p>\n<p><img loading=\"lazy\" decoding=\"async\" class=\"aligncenter size-full wp-image-127\" src=\"http:\/\/impremar.com.ar\/web\/wp-content\/uploads\/2016\/03\/DSC8066.jpg\" alt=\"papel membretado buenos aires\" width=\"800\" height=\"530\" srcset=\"http:\/\/impremar.com.ar\/web\/wp-content\/uploads\/2016\/03\/DSC8066.jpg 800w, http:\/\/impremar.com.ar\/web\/wp-content\/uploads\/2016\/03\/DSC8066-300x199.jpg 300w, http:\/\/impremar.com.ar\/web\/wp-content\/uploads\/2016\/03\/DSC8066-768x509.jpg 768w\" sizes=\"auto, (max-width: 800px) 100vw, 800px\" \/><\/p>\n<p>&nbsp;<\/p>\n","protected":false},"excerpt":{"rendered":"<p>Impresi\u00f3n completa de papeler\u00eda: hoja membretada, sobres, etc&#8230; &nbsp;<\/p>\n","protected":false},"author":2,"featured_media":123,"parent":0,"menu_order":0,"comment_status":"closed","ping_status":"closed","template":"","meta":{"footnotes":""},"class_list":["post-119","page","type-page","status-publish","has-post-thumbnail","czr-hentry"],"yoast_head":"<!-- This site is optimized with the Yoast SEO plugin v27.4 - https:\/\/yoast.com\/product\/yoast-seo-wordpress\/ -->\n<title>Papeler\u00eda | IMPREMAR<\/title>\n<meta name=\"robots\" content=\"index, follow, max-snippet:-1, max-image-preview:large, max-video-preview:-1\" \/>\n<link rel=\"canonical\" href=\"http:\/\/impremar.com.ar\/web\/papeleria\/\" \/>\n<meta property=\"og:locale\" content=\"es_ES\" \/>\n<meta property=\"og:type\" content=\"article\" \/>\n<meta property=\"og:title\" content=\"Papeler\u00eda | IMPREMAR\" \/>\n<meta property=\"og:description\" content=\"Impresi\u00f3n completa de papeler\u00eda: hoja membretada, sobres, etc&#8230; &nbsp;\" \/>\n<meta property=\"og:url\" content=\"http:\/\/impremar.com.ar\/web\/papeleria\/\" \/>\n<meta property=\"og:site_name\" content=\"IMPREMAR\" \/>\n<meta property=\"article:publisher\" content=\"https:\/\/www.facebook.com\/impresosimpremar\" \/>\n<meta property=\"article:modified_time\" content=\"2016-03-08T17:31:06+00:00\" \/>\n<meta property=\"og:image\" content=\"http:\/\/impremar.com.ar\/web\/wp-content\/uploads\/2016\/03\/DSC8017.jpg\" \/>\n\t<meta property=\"og:image:width\" content=\"800\" \/>\n\t<meta property=\"og:image:height\" content=\"716\" \/>\n\t<meta property=\"og:image:type\" content=\"image\/jpeg\" \/>\n<meta name=\"twitter:card\" content=\"summary_large_image\" \/>\n<script type=\"application\/ld+json\" class=\"yoast-schema-graph\">{\"@context\":\"https:\\\/\\\/schema.org\",\"@graph\":[{\"@type\":\"WebPage\",\"@id\":\"http:\\\/\\\/impremar.com.ar\\\/web\\\/papeleria\\\/\",\"url\":\"http:\\\/\\\/impremar.com.ar\\\/web\\\/papeleria\\\/\",\"name\":\"Papeler\u00eda | IMPREMAR\",\"isPartOf\":{\"@id\":\"http:\\\/\\\/impremar.com.ar\\\/web\\\/#website\"},\"primaryImageOfPage\":{\"@id\":\"http:\\\/\\\/impremar.com.ar\\\/web\\\/papeleria\\\/#primaryimage\"},\"image\":{\"@id\":\"http:\\\/\\\/impremar.com.ar\\\/web\\\/papeleria\\\/#primaryimage\"},\"thumbnailUrl\":\"http:\\\/\\\/impremar.com.ar\\\/web\\\/wp-content\\\/uploads\\\/2016\\\/03\\\/DSC8017.jpg\",\"datePublished\":\"2016-03-03T15:47:49+00:00\",\"dateModified\":\"2016-03-08T17:31:06+00:00\",\"breadcrumb\":{\"@id\":\"http:\\\/\\\/impremar.com.ar\\\/web\\\/papeleria\\\/#breadcrumb\"},\"inLanguage\":\"es\",\"potentialAction\":[{\"@type\":\"ReadAction\",\"target\":[\"http:\\\/\\\/impremar.com.ar\\\/web\\\/papeleria\\\/\"]}]},{\"@type\":\"ImageObject\",\"inLanguage\":\"es\",\"@id\":\"http:\\\/\\\/impremar.com.ar\\\/web\\\/papeleria\\\/#primaryimage\",\"url\":\"http:\\\/\\\/impremar.com.ar\\\/web\\\/wp-content\\\/uploads\\\/2016\\\/03\\\/DSC8017.jpg\",\"contentUrl\":\"http:\\\/\\\/impremar.com.ar\\\/web\\\/wp-content\\\/uploads\\\/2016\\\/03\\\/DSC8017.jpg\",\"width\":800,\"height\":716},{\"@type\":\"BreadcrumbList\",\"@id\":\"http:\\\/\\\/impremar.com.ar\\\/web\\\/papeleria\\\/#breadcrumb\",\"itemListElement\":[{\"@type\":\"ListItem\",\"position\":1,\"name\":\"Portada\",\"item\":\"http:\\\/\\\/impremar.com.ar\\\/web\\\/\"},{\"@type\":\"ListItem\",\"position\":2,\"name\":\"Papeler\u00eda\"}]},{\"@type\":\"WebSite\",\"@id\":\"http:\\\/\\\/impremar.com.ar\\\/web\\\/#website\",\"url\":\"http:\\\/\\\/impremar.com.ar\\\/web\\\/\",\"name\":\"IMPREMAR\",\"description\":\"Imprenta en Caseros, Buenos Aires.\",\"publisher\":{\"@id\":\"http:\\\/\\\/impremar.com.ar\\\/web\\\/#organization\"},\"potentialAction\":[{\"@type\":\"SearchAction\",\"target\":{\"@type\":\"EntryPoint\",\"urlTemplate\":\"http:\\\/\\\/impremar.com.ar\\\/web\\\/?s={search_term_string}\"},\"query-input\":{\"@type\":\"PropertyValueSpecification\",\"valueRequired\":true,\"valueName\":\"search_term_string\"}}],\"inLanguage\":\"es\"},{\"@type\":\"Organization\",\"@id\":\"http:\\\/\\\/impremar.com.ar\\\/web\\\/#organization\",\"name\":\"Impremar\",\"url\":\"http:\\\/\\\/impremar.com.ar\\\/web\\\/\",\"logo\":{\"@type\":\"ImageObject\",\"inLanguage\":\"es\",\"@id\":\"http:\\\/\\\/impremar.com.ar\\\/web\\\/#\\\/schema\\\/logo\\\/image\\\/\",\"url\":\"http:\\\/\\\/impremar.com.ar\\\/web\\\/wp-content\\\/uploads\\\/2016\\\/03\\\/LOGO-IMPREMARch.png\",\"contentUrl\":\"http:\\\/\\\/impremar.com.ar\\\/web\\\/wp-content\\\/uploads\\\/2016\\\/03\\\/LOGO-IMPREMARch.png\",\"width\":187,\"height\":70,\"caption\":\"Impremar\"},\"image\":{\"@id\":\"http:\\\/\\\/impremar.com.ar\\\/web\\\/#\\\/schema\\\/logo\\\/image\\\/\"},\"sameAs\":[\"https:\\\/\\\/www.facebook.com\\\/impresosimpremar\"]}]}<\/script>\n<!-- \/ Yoast SEO plugin. -->","yoast_head_json":{"title":"Papeler\u00eda | IMPREMAR","robots":{"index":"index","follow":"follow","max-snippet":"max-snippet:-1","max-image-preview":"max-image-preview:large","max-video-preview":"max-video-preview:-1"},"canonical":"http:\/\/impremar.com.ar\/web\/papeleria\/","og_locale":"es_ES","og_type":"article","og_title":"Papeler\u00eda | IMPREMAR","og_description":"Impresi\u00f3n completa de papeler\u00eda: hoja membretada, sobres, etc&#8230; &nbsp;","og_url":"http:\/\/impremar.com.ar\/web\/papeleria\/","og_site_name":"IMPREMAR","article_publisher":"https:\/\/www.facebook.com\/impresosimpremar","article_modified_time":"2016-03-08T17:31:06+00:00","og_image":[{"width":800,"height":716,"url":"http:\/\/impremar.com.ar\/web\/wp-content\/uploads\/2016\/03\/DSC8017.jpg","type":"image\/jpeg"}],"twitter_card":"summary_large_image","schema":{"@context":"https:\/\/schema.org","@graph":[{"@type":"WebPage","@id":"http:\/\/impremar.com.ar\/web\/papeleria\/","url":"http:\/\/impremar.com.ar\/web\/papeleria\/","name":"Papeler\u00eda | IMPREMAR","isPartOf":{"@id":"http:\/\/impremar.com.ar\/web\/#website"},"primaryImageOfPage":{"@id":"http:\/\/impremar.com.ar\/web\/papeleria\/#primaryimage"},"image":{"@id":"http:\/\/impremar.com.ar\/web\/papeleria\/#primaryimage"},"thumbnailUrl":"http:\/\/impremar.com.ar\/web\/wp-content\/uploads\/2016\/03\/DSC8017.jpg","datePublished":"2016-03-03T15:47:49+00:00","dateModified":"2016-03-08T17:31:06+00:00","breadcrumb":{"@id":"http:\/\/impremar.com.ar\/web\/papeleria\/#breadcrumb"},"inLanguage":"es","potentialAction":[{"@type":"ReadAction","target":["http:\/\/impremar.com.ar\/web\/papeleria\/"]}]},{"@type":"ImageObject","inLanguage":"es","@id":"http:\/\/impremar.com.ar\/web\/papeleria\/#primaryimage","url":"http:\/\/impremar.com.ar\/web\/wp-content\/uploads\/2016\/03\/DSC8017.jpg","contentUrl":"http:\/\/impremar.com.ar\/web\/wp-content\/uploads\/2016\/03\/DSC8017.jpg","width":800,"height":716},{"@type":"BreadcrumbList","@id":"http:\/\/impremar.com.ar\/web\/papeleria\/#breadcrumb","itemListElement":[{"@type":"ListItem","position":1,"name":"Portada","item":"http:\/\/impremar.com.ar\/web\/"},{"@type":"ListItem","position":2,"name":"Papeler\u00eda"}]},{"@type":"WebSite","@id":"http:\/\/impremar.com.ar\/web\/#website","url":"http:\/\/impremar.com.ar\/web\/","name":"IMPREMAR","description":"Imprenta en Caseros, Buenos Aires.","publisher":{"@id":"http:\/\/impremar.com.ar\/web\/#organization"},"potentialAction":[{"@type":"SearchAction","target":{"@type":"EntryPoint","urlTemplate":"http:\/\/impremar.com.ar\/web\/?s={search_term_string}"},"query-input":{"@type":"PropertyValueSpecification","valueRequired":true,"valueName":"search_term_string"}}],"inLanguage":"es"},{"@type":"Organization","@id":"http:\/\/impremar.com.ar\/web\/#organization","name":"Impremar","url":"http:\/\/impremar.com.ar\/web\/","logo":{"@type":"ImageObject","inLanguage":"es","@id":"http:\/\/impremar.com.ar\/web\/#\/schema\/logo\/image\/","url":"http:\/\/impremar.com.ar\/web\/wp-content\/uploads\/2016\/03\/LOGO-IMPREMARch.png","contentUrl":"http:\/\/impremar.com.ar\/web\/wp-content\/uploads\/2016\/03\/LOGO-IMPREMARch.png","width":187,"height":70,"caption":"Impremar"},"image":{"@id":"http:\/\/impremar.com.ar\/web\/#\/schema\/logo\/image\/"},"sameAs":["https:\/\/www.facebook.com\/impresosimpremar"]}]}},"_links":{"self":[{"href":"http:\/\/impremar.com.ar\/web\/wp-json\/wp\/v2\/pages\/119","targetHints":{"allow":["GET"]}}],"collection":[{"href":"http:\/\/impremar.com.ar\/web\/wp-json\/wp\/v2\/pages"}],"about":[{"href":"http:\/\/impremar.com.ar\/web\/wp-json\/wp\/v2\/types\/page"}],"author":[{"embeddable":true,"href":"http:\/\/impremar.com.ar\/web\/wp-json\/wp\/v2\/users\/2"}],"replies":[{"embeddable":true,"href":"http:\/\/impremar.com.ar\/web\/wp-json\/wp\/v2\/comments?post=119"}],"version-history":[{"count":5,"href":"http:\/\/impremar.com.ar\/web\/wp-json\/wp\/v2\/pages\/119\/revisions"}],"predecessor-version":[{"id":391,"href":"http:\/\/impremar.com.ar\/web\/wp-json\/wp\/v2\/pages\/119\/revisions\/391"}],"wp:featuredmedia":[{"embeddable":true,"href":"http:\/\/impremar.com.ar\/web\/wp-json\/wp\/v2\/media\/123"}],"wp:attachment":[{"href":"http:\/\/impremar.com.ar\/web\/wp-json\/wp\/v2\/media?parent=119"}],"curies":[{"name":"wp","href":"https:\/\/api.w.org\/{rel}","templated":true}]}}